o base 14
-16c80
-1001121 (base 3) to base 8
-1404
Convert 8687 (base 14) to base 3.
1011220000
8045 (base 13) to base 2
100010011100001
Convert -209a2 (base 11) to base 5.
-1433413
What is -544 (base 13) in base 11?
-74a
Convert 33324 (base 5) to base 8.
4443
1630 (base 15) to base 14
1a4a
Convert ac21 (base 13) to base 5.
1232100
What is -422024 (base 5) in base 10?
-14014
2a05 (base 11) to base 15
1237
140 (base 6) to base 16
3c
154 (base 12) to base 3
21201
What is -1201210 (base 3) in base 2?
-10011101111
8221 (base 12) to base 3
201101121
What is -15006 (base 8) in base 11?
-5007
28403 (base 12) to base 4
31221003
What is -713 (base 8) in base 13?
-294
-2011430 (base 5) to base 9
-48043
6788 (base 12) to base 6
125052
What is -a41 (base 11) in base 16?
-4e7
Convert -2b1 (base 12) to base 13.
-265
What is -7754 (base 9) in base 6?
-42251
-121310 (base 4) to base 6
-11352
What is 2134 (base 5) in base 14?
170
Convert -3012231 (base 4) to base 11.
-9611
-308 (base 11) to base 2
-101110011
What is a17 (base 13) in base 10?
1710
Convert -1c5a (base 14) to base 3.
-21002201
-1000211 (base 3) to base 9
-1024
Convert -2222442 (base 5) to base 14.
-10386
1310 (base 5) to base 9
247
Convert -4263 (base 7) to base 9.
-2063
What is 4550 (base 6) in base 4?
100302
Convert 4334 (base 6) to base 14.
510
-1012122 (base 4) to base 11
-3427
Convert -240014 (base 5) to base 3.
-110000102
What is -431 (base 14) in base 9?
-1118
Convert 3322121 (base 4) to base 15.
4b35
-10680 (base 10) to base 7
-43065
Convert 1100211 (base 3) to base 2.
1111100010
10335 (base 6) to base 4
112103
What is 13032 (base 4) in base 8?
716
What is 23223 (base 8) in base 10?
9875
What is 10102220211 (base 3) in base 7?
401326
What is -1014 (base 7) in base 9?
-433
Convert 11102 (base 3) to base 13.
92
Convert -66121 (base 7) to base 11.
-11466
Convert -398 (base 11) to base 2.
-111010110
-11110111 (base 2) to base 6
-1051
What is -101101101011110 (base 2) in base 3?
-1012002022
104154 (base 6) to base 14
3262
1222 (base 4) to base 7
211
What is 11024 (base 5) in base 11?
635
Convert 251 (base 8) to base 12.
121
What is 113211 (base 4) in base 6?
10553
Convert 119a (base 13) to base 2.
100110111101
-1602 (base 7) to base 4
-21333
3343 (base 7) to base 2
10010110111
-755 (base 10) to base 14
-3bd
Convert 1222001121 (base 3) to base 13.
147b5
-21103 (base 5) to base 14
-723
-10110121 (base 4) to base 10
-17689
What is 5d09 (base 16) in base 13?
aac1
What is -11500 (base 6) in base 2?
-11010011100
9f (base 16) to base 13
c3
Convert -19a00 (base 11) to base 10.
-27830
What is -11001101010 (base 2) in base 4?
-121222
What is -21354 (base 8) in base 4?
-2023230
-1d (base 15) to base 14
-20
Convert -121000 (base 3) to base 16.
-1b0
What is -29890 (base 10) in base 9?
-45001
102210 (base 3) to base 7
633
Convert 43243 (base 5) to base 7.
11411
What is 1332 (base 4) in base 12?
a6
What is -881 (base 12) in base 16?
-4e1
8a4 (base 13) to base 9
2031
Convert 963b (base 14) to base 16.
6545
-301 (base 8) to base 11
-166
What is -106757 (base 8) in base 6?
-440115
Convert 101000100101 (base 2) to base 9.
3505
Convert -88dd (base 15) to base 4.
-13011100
Convert -324 (base 8) to base 15.
-e2
-1d5c (base 15) to base 9
-8676
2223 (base 6) to base 9
636
What is -3730 (base 12) in base 16?
-1854
10677 (base 8) to base 7
16150
What is 2573 (base 8) in base 16?
57b
What is -80 (base 16) in base 10?
-128
What is -11120 (base 5) in base 4?
-30101
What is 302211 (base 4) in base 14?
1273
What is 11020 (base 4) in base 16?
148
What is 237 (base 16) in base 10?
567
1120230 (base 4) to base 12
3350
Convert 111022002 (base 3) to base 5.
302240
What is -13010 (base 8) in base 11?
-4268
Convert 11321 (base 6) to base 5.
23013
What is -321 (base 11) in base 2?
-110000010
What is -101120200 (base 3) in base 8?
-17041
Convert 15b (base 14) to base 13.
184
Convert -201221 (base 4) to base 8.
-4151
-4294 (base 10) to base 8
-10306
Convert 3e08 (base 15) to base 13.
607a
57d9 (base 14) to base 16
3bb3
What is 122223 (base 5) in base 4?
1021100
What is -2547 (base 8) in base 15?
-623
What is -4466 (base 13) in base 4?
-2111030
What is c645 (base 15) in base 7?
233126
What is -30312120 (base 4) in base 11?
-365a8
Convert -514 (base 7) to base 4.
-10000
Convert -b0b9 (base 12) to base 2.
-100101011001101
-475 (base 10) to base 7
-1246
What is -10111101000 (base 2) in base 10?
-1512
What is -765 (base 12) in base 6?
-5005
What is 303333 (base 4) in base 10?
3327
What is -33234 (base 7) in base 3?
-102110110
Convert 3505 (base 7) to base 2.
10011111111
-1157 (base 8) to base 2
-1001101111
What is -2130 (base 5) in base 13?
-194
What is -103533 (base 6) in base 7?
-34101
-416 (base 13) to base 10
-695
-22654 (base 7) to base 10
-5821
What is 2231143 (base 5) in base 14?
105ac
What is 2b7 (base 15) in base 9?
761
Convert -110000111 (base 2) to base 5.
-3031
What is -245 (base 9) in base 11?
-175
84980 (base 10) to base 15
1a2a5
-102220 (base 3) to base 10
-321
Convert 33533 (base 6) to base 4.
1022001
Convert 15bb (base 12) to base 8.
5037
-7372 (base 8) to base 11
-2976
706 (base 8) to base 12
31a
Convert -691 (base 11) to base 16.
-33a
Convert 20064 (base 9) to base 15.
3d8a
Convert -11274 (base 10) to base 3.
-120110120
Convert -1476 (base 8) to base 13.
-4bb
-53558 (base 9) to base 8
-105172
Convert 13 (base 8) to base 16.
b
Convert -3443 (base 5) to base 11.
-413
Convert a0 (base 12) to base 2.
1111000
Convert 17317 (base 8) to base 13.
3789
What is -d2 (base 16) in base 3?
-21210
11a7 (base 13) to base 4
213013
What is -223441 (base 6) in base 2?
-100101000010001
Convert 19b (base 15) to base 16.
173
2001231 (base 5) to base 6
401321
Convert -23c3 (base 13) to base 11.
-3890
What is -40316 (base 9) in base 6?
-322410
What is 3001 (base 7) in base 12?
71a
What is d3d (base 14) in base 9?
3512
What is -24465 (base 7) in base 6?
-45413
Convert -1586 (base 14) to base 10.
-3842
-2b00 (base 12) to base 3
-20220200
Convert 2528 (base 10) to base 11.
1999
Convert 22024 (base 7) to base 3.
21112221
529 (base 15) to base 11
969
Convert 10311 (base 5) to base 6.
3134
Convert -114205 (base 7) to base 8.
-50313
11002102 (base 3) to base 12
1885
1105 (base 7) to base 4
12031
Convert b81 (base 13) to base 8.
3654
Convert -1322213 (base 5) to base 8.
-63676
Convert 204114 (base 5) to base 16.
1a80
-142205 (base 6) to base 14
-4ca1
What is 4aa (base 12) in base 2?
1011000010
What is -8066 (base 16) in base 5?
-2022440
Convert 1189 (base 12) to base 10.
1977
What is 141601 (base 7) in base 14?
9c01
What is 11110100010 (base 2) in base 9?
2611
-92 (base 16) to base 13
-b3
-860 (base 15) to base 4
-131202
What is 222221 (base 3) in base 8?
1327
What is 2015 (base 8) in base 6?
4445
Convert -11011 (base 2) to base 14.
-1d
100 (base 14) to base 13
121
What is -42 (base 6) in base 14?
-1c
3439 (base 16) to base 9
20304
-347 (base 9) to base 11
-240
727 (base 8) to base 7
1242
Convert -3ff0 (base 16) to base 15.
-4cb3
12100 (base 15) to base 2
1110000100000000
100202001 (base 3) to base 8
15676
Convert 11023 (base 6) to base 15.
6bc
-3034 (base 5) to base 15
-1b4
What is b35 (base 13) in base 14?
99d
-fca (base 16) to base 5
-112132
Convert -1656 (base 12) to base 10.
-2658
8b2 (base 12) to base 8
2406
4141 (base 6) to base 11
771
ebd (base 15) to base 16
d00
480 (base 13) to base 7
2163
20d1 (base 15) to base 9
10467
Convert -1001110101 (base 2) to base 3.
-212022
541 (base 12) to base 5
11034
Convert -13321 (base 4) to base 10.
-505
353 (base 12) to base 4
13233
a152 (base 11) to base 10
13488
Convert -10796 (base 12) to base 6.
-245110
Convert -4b2 (base 13) to base 16.
-335
Convert 13714 (base 8) to base 9.
8318
-120102 (base 3) to base 13
-260
What is 2202 (base 3) in base 8?
112
What is -bc4 (base 15) in base 3?
-10122111
Convert 912 (base 13) to base 12.
a80
-37016 (base 8) to base 10
-15886
9d (base 14) to base 12
b7
-63b (base 14) to base 10
-1229
Convert -1210022001 (base 3) to base 5.
-2111314
660 (base 9) to base 15
260
Convert 7163 (base 8) to base 5.
104244
-1044254 (base 6) to base 5
-3142220
Convert -10342 (base 7) to base 2.
-101000010010
-2300 (base 5) to base 8
-505
What is -b0 (base 16) in base 6?
-452
What is -114